or of 44 and z.
11
Let m(f) = -f**2 - 19*f - 17. Let z be m(-31). Let n = z - -415. What is the highest common factor of n and 156?
26
Let x = 265 + 3472. Calculate the greatest common factor of x and 202.
101
Let k be 24395/574*16/10. Calculate the greatest common factor of k and 1292.
68
Let m be (-54321)/(-27) + -8 - (-3)/27. Calculate the greatest common divisor of m and 24.
12
Let w = 16090 + -16029. Let o = -79 - -201. What is the greatest common divisor of w and o?
61
Let m be ((6 + -12)/(-12))/(1/6). Suppose 3*q = a + 739, -4*q - a = m*a - 980. What is the highest common divisor of 164 and q?
82
Suppose -48*x = -53*x + 15. Suppose -4*h = x*h - 35. Let p be 1 + (4 - 2)*h/2. What is the highest common divisor of p and 42?
6
Suppose 306 = 3*j - s, s = -s. Suppose 0 = -88*c + 82*c + j. Calculate the highest common divisor of 170 and c.
17
Suppose 39762*q = 39748*q + 462. What is the greatest common factor of q and 2112?
33
Suppose -420 = 23*x - 30*x. What is the highest common factor of x and 24630?
30
Let f be (-6)/8 - 1890/(-56). Suppose -30 + 2 = -a. Let m = f - a. What is the highest common divisor of 55 and m?
5
Let j be (32/(-80))/((-2)/20). Suppose -12*z = -7*z + m - 194, 4*m + j = 0. What is the greatest common divisor of z and 26?
13
Let a(l) = -139*l**3 + 3*l**2 + 13*l + 32. Let i be a(-4). What is the greatest common factor of i and 46?
46
Suppose 310*d - 462 = 277*d. Suppose 5*m - 2*n = 30 + 65, 4*m - 94 = -2*n. Calculate the greatest common factor of d and m.
7
Let a be 244/(-305) + ((-20562)/(-5))/3. Calculate the highest common divisor of 822 and a.
274
Let w be 15 - (9 + -19 + -1207). Calculate the greatest common divisor of w and 2233.
77
Suppose 17*z + 30*z - 940 = 0. What is the highest common factor of 6910 and z?
10
Suppose 16*y - 49450 = -7*y. Suppose 14*w = y + 1084. What is the highest common divisor of w and 21?
21
Suppose 4 = -2*o + 22. Let z(l) = -12*l + l**3 - o*l + 20*l**2 - 79 + 45 + 49. Let b be z(-21). Calculate the greatest common factor of 5 and b.
5
Let k = 1022 - 298. Let p = k - 424. Let j be (-43 + -2)/((-3)/2). Calculate the highest common divisor of j and p.
30
Let m(g) = 174*g + 1464. Let y be m(-8). Calculate the highest common divisor of y and 198.
18
Suppose 19*d + 2 = 18*d - 3*k, -5*d + 5*k + 50 = 0. Let g = 197 + -134. What is the greatest common factor of g and d?
7
Let z(g) = 10*g - 42. Let t be 78/12 - (-2)/4. Let y be z(t). Calculate the greatest common factor of y and 4.
4
Suppose 3*f + 9 = 0, 2*i - f = 3*f + 90. Let x be (-6)/4*(-1984)/(-96). Let q = i + x. Calculate the highest common factor of q and 8.
8
Let n(x) = -2*x**3 + 22*x**2 + 19*x - 7. Let a be n(12). Let r = 102 + a. What is the greatest common divisor of r and 28?
7
Let x(t) = 3*t + 94. Let r be x(-20). Suppose 174 = 2*l - 6*c + 2*c, 90 = l - 5*c. What is the greatest common factor of r and l?
17
Let q(t) = 631*t - 1219. Let w be q(5). Calculate the highest common divisor of 48 and w.
16
Let m be 40/(-6)*(1 - 10). Let i be (-100 - -103)/(7/56). What is the highest common divisor of i and m?
12
Suppose 0 = -78*t - 15*t - 3902 + 13946. What is the greatest common factor of t and 16?
4
Let x(t) = -t**2 - 4228*t + 50902. Let n be x(12). Suppose -4*y - y = -55. Calculate the greatest common factor of n and y.
11
Let r = 10636 - 10411. What is the greatest common factor of 50 and r?
25
Let d be 62/155*(-35)/1*-1. What is the greatest common divisor of 20006 and d?
14
Let w(q) = 54*q**2 + 12*q - 11. Let i be w(5). Let d = -942 + i. Suppose -407 - d = -4*j. What is the highest common divisor of j and 27?
27
Let w be (-27 + 28)/(8436/(-2814) + 3). What is the greatest common divisor of w and 1273?
67
Suppose -9*j = -21*j - 185 + 5165. What is the highest common divisor of 1079 and j?
83
Let a be 856/642 - (-262)/6. Suppose -3*d = -4*g + d + 236, 0 = g + 2*d - 62. What is the greatest common divisor of g and a?
15
Suppose n + 3 = 5*x - 3, 0 = x - 2. Suppose -u - v + 14 = -2*v, 3*u + 3*v - 30 = 0. Suppose -4*m + u = -20. What is the highest common factor of n and m?
4
Suppose 3*l - 21*c - 17722 = -19*c, -17718 = -3*l + 3*c. Calculate the highest common divisor of l and 30.
30
Let i be -1 + 2/4 - 343/(-98). Suppose 2*u - 68 = 2*k, -16 = 2*k + 2*k. Calculate the greatest common factor of i and u.
3
Let s(u) = -39*u**2 - 3*u + 2. Let o be s(1). Let x = -35 - o. Let b(g) = g**3 - 4*g**2 - 3*g - 2. Let q be b(x). What is the highest common factor of 56 and q?
8
Let c be ((-6108)/(-18) + (-2)/6)*38/3. Calculate the greatest common factor of 76 and c.
38
Suppose 4*r - 12216 = -2*i, 5*i - 2*r - 30522 = -6*r. What is the highest common divisor of 54 and i?
54
Let z be (7 - -1)*41/82. Let i be -3*z/24*-158. Calculate the greatest common divisor of 711 and i.
79
Suppose 38 = 3*i - i + 4*n, 53 = 3*i + 5*n. Suppose -33 = -i*u + 44. Suppose 0*q - u*q = -7. What is the greatest common divisor of q and 11?
1
Suppose -9456 = -189*a + 1884. What is the highest common factor of a and 465?
15
Let k(m) = 2*m**3 + 21*m**2 + 17*m + 28. Let h be k(-9). Let y be 177/h - 637/(-2). Calculate the highest common factor of 128 and y.
64
Let p(g) = 12*g**2 - 188*g - 40. Let v be p(-14). What is the greatest common divisor of v and 96?
48
Let l(n) = 247*n - 6659. Let g be l(72). What is the highest common factor of g and 250?
125
Let z be 60 - (2/6 + (-140)/15). Calculate the greatest common factor of z and 299.
23
Let n(k) = -k**2 + 10*k + 24. Let p be n(14). Let d = p + 52. Suppose o - d = 8. What is the greatest common factor of o and 84?
28
Suppose 29*u - 4*u - 3875 = 0. Suppose u = 7*p - 20. Calculate the greatest common divisor of p and 75.
25
Suppose -y + 4*v - 3 + 14 = 0, -4*y - v + 10 = 0. Let c be -8*(y + (-4)/1). Calculate the greatest common factor of 328 and c.
8
Let i be (34 + -33)/(1*(-1)/(-2)). Suppose -4*d = -5*n + 57, -i*n + n = 5*d + 6. Calculate the greatest common factor of n and 36.
9
Suppose 15*w + b - 88 = 14*w, -428 = -5*w - 2*b. Suppose 4*q + 100 = 3*m, 2*q + 29 + 7 = m. Calculate the greatest common factor of m and w.
28
Let o(q) = 161*q - 8326. Let b be o(54). Calculate the highest common divisor of 7452 and b.
92
Suppose -3*c - 26993 = -5*b, -4*b - 3*c + 2091 = -19471. What is the highest common divisor of 65 and b?
65
Let q = 33 + -25. Suppose 60 = q*d + 12. Suppose 0 = d*n - 3*n - 39. Calculate the highest common divisor of 13 and n.
13
Suppose 5*k + 19885 = 2*h, -3*h + 7965 = -2*k - 0*k. Let o be k/10 - 3/(-12)*-2. Let t = 560 + o. What is the greatest common factor of t and 18?
18
Let k(i) = -379*i + 35. Let t be k(0). Let w be (-4)/(-10) + (-23)/(-5). Let s = 2 + w. Calculate the highest common divisor of t and s.
7
Let g = -2387 - -2447. Calculate the greatest common factor of 2380 and g.
20
Let z = 558 - 121. Calculate the highest common divisor of 207 and z.
23
Let r(m) = -2*m - 17. Let w be r(-8). Let y be w + 88 - 57/(-19). Suppose q + 71 = 3*a - 3*q, 5*a - q = y. Calculate the greatest common divisor of 153 and a.
17
Let p be 0 + 78 + (-2)/2. Suppose v = 5*v + 44. Let u be v/(((-1)/(-5))/(21/(-105))). Calculate the highest common divisor of p and u.
11
Let t(l) = 5*l**3 + 59*l**2 + 13*l + 3. Let f be t(-11). Calculate the highest common divisor of f and 8084.
172
Let c be (72/16)/(2/12). Suppose c*n = 15*n + 1368. Suppose -5*s + 35 - 5 = 0. What is the greatest common factor of s and n?
6
Suppose -2*t + 5594 = 4*k, 4*k = -0*k - 5*t + 5603. Calculate the greatest common factor of 381 and k.
127
Let q(l) = -6*l**2 + 17*l - 4. Let f be q(2). Suppose -5*p = f*p - 363. What is the greatest common factor of 77 and p?
11
Let y = 14193 - 13217. Calculate the highest common factor of 216 and y.
8
Suppose -i - 853 = 7*y - 9*y, 0 = 5*y + 2*i - 2146. Let p = y + -348. Calculate the highest common factor of p and 280.
40
Let r = 49 + -46. Let k be (1 - 0)*-2 + r. Let o be -2*(3 + 15/(-2)). Calculate the highest common factor of k and o.
1
Suppose -9671*y + 128 = -9663*y. Suppose -5*a = 4*c - 4220, -7*a = -4*a - 4*c - 2564. Calculate the greatest common factor of a and y.
16
Let q be (1/((-4)/(-30)))/((-459)/(-306)). Suppose -2*b + 2*j = -546 + 142, -3*j + 419 = 2*b. What is the highest common divisor of b and q?
5
Let y(f) = 9*f**2 - 17